{"id":131,"date":"2014-11-28T16:59:25","date_gmt":"2014-11-28T16:59:25","guid":{"rendered":"http:\/\/jalkiso.com\/neonat\/?page_id=131"},"modified":"2022-02-25T14:18:57","modified_gmt":"2022-02-25T14:18:57","slug":"pregrados-plan-2008","status":"publish","type":"page","link":"https:\/\/jalkiso.com\/neonat\/?page_id=131","title":{"rendered":"Pregrados"},"content":{"rendered":"<h4>Curso de la UC Ginecolog\u00eda y Neonatolog\u00eda.<\/h4>\n<p>Estimados estudiantes.<\/p>\n<p>El examen de la Unidad Curricular Ginecolog\u00eda y Neonatolog\u00eda <strong>correspondiente al per\u00edodo febrero 2022&nbsp;<\/strong><strong>SE REALIZAR\u00c1<\/strong>&nbsp;EL&nbsp;<strong>14 de marzo de 2022&nbsp;<\/strong><\/p>\n<p>La modalidad ser\u00e1 presencial (te\u00f3rico y pr\u00e1ctico).<\/p>\n<p>Coordinaci\u00f3n UCGYN<\/p>\n<h3>Im\u00e1genes Relacionadas:<\/h3>","protected":false},"excerpt":{"rendered":"<p>Curso de la UC Ginecolog\u00eda y Neonatolog\u00eda. Estimados estudiantes. El examen de la Unidad Curricular Ginecolog\u00eda y Neonatolog\u00eda correspondiente al per\u00edodo febrero 2022&nbsp;SE REALIZAR\u00c1&nbsp;EL&nbsp;14 de marzo de 2022&nbsp; La modalidad ser\u00e1 presencial (te\u00f3rico y pr\u00e1ctico). Coordinaci\u00f3n UCGYN Im\u00e1genes Relacionadas:<\/p>\n","protected":false},"author":1,"featured_media":0,"parent":0,"menu_order":0,"comment_status":"closed","ping_status":"closed","template":"","meta":{"ngg_post_thumbnail":0,"footnotes":""},"class_list":["post-131","page","type-page","status-publish","hentry"],"_links":{"self":[{"href":"https:\/\/jalkiso.com\/neonat\/index.php?rest_route=\/wp\/v2\/pages\/131","targetHints":{"allow":["GET"]}}],"collection":[{"href":"https:\/\/jalkiso.com\/neonat\/index.php?rest_route=\/wp\/v2\/pages"}],"about":[{"href":"https:\/\/jalkiso.com\/neonat\/index.php?rest_route=\/wp\/v2\/types\/page"}],"author":[{"embeddable":true,"href":"https:\/\/jalkiso.com\/neonat\/index.php?rest_route=\/wp\/v2\/users\/1"}],"replies":[{"embeddable":true,"href":"https:\/\/jalkiso.com\/neonat\/index.php?rest_route=%2Fwp%2Fv2%2Fcomments&post=131"}],"version-history":[{"count":36,"href":"https:\/\/jalkiso.com\/neonat\/index.php?rest_route=\/wp\/v2\/pages\/131\/revisions"}],"predecessor-version":[{"id":1007,"href":"https:\/\/jalkiso.com\/neonat\/index.php?rest_route=\/wp\/v2\/pages\/131\/revisions\/1007"}],"wp:attachment":[{"href":"https:\/\/jalkiso.com\/neonat\/index.php?rest_route=%2Fwp%2Fv2%2Fmedia&parent=131"}],"curies":[{"name":"wp","href":"https:\/\/api.w.org\/{rel}","templated":true}]}}